t 111100011100110111001 (base 2) to base 10.
1980857
Convert -61400501 (base 7) to base 5.
-2303021011
Convert -2123211101 (base 4) to base 7.
-5262626
Convert -120011031021 (base 4) to base 13.
-1400493
What is -12036045 (base 7) in base 15?
-161740
Convert -358554 (base 11) to base 3.
-1001211200211
Convert 672641 (base 9) to base 6.
12342014
Convert 2001693 (base 12) to base 2.
10110110010101010001111
-141112 (base 8) to base 5
-3042423
What is 157851 (base 11) in base 2?
111011101101110101
-b7a71 (base 13) to base 11
-206a31
Convert 54522 (base 9) to base 6.
435202
Convert -308987 (base 14) to base 11.
-a19151
What is 110221001101 (base 3) in base 8?
760772
What is -2101211 (base 4) in base 14?
-3577
Convert 152659 (base 10) to base 4.
211101103
Convert 101111212020 (base 3) to base 7.
1521210
287931 (base 10) to base 11
187366
10101011000011110101 (base 2) to base 13
1b6bc0
What is a7716 (base 12) in base 10?
220482
Convert 2340203 (base 5) to base 6.
531522
66211615 (base 7) to base 16
56ba68
-48c335 (base 15) to base 14
-669817
What is -b72c5 (base 13) in base 3?
-121202202001
-41931a (base 11) to base 14
-136876
What is 66c20 (base 16) in base 11?
268253
What is 103316 (base 12) in base 13?
8ba94
-1111226 (base 7) to base 3
-20222100212
What is -16702274 (base 8) in base 4?
-32320102330
-5a962 (base 11) to base 6
-1513520
What is 1031000000 (base 4) in base 14?
82d20
54379 (base 10) to base 2
1101010001101011
Convert 33522051 (base 6) to base 13.
29a082
Convert -5187 (base 10) to base 5.
-131222
What is 110233233 (base 4) in base 16?
14bef
Convert -312100133 (base 5) to base 10.
-1284418
What is 264324 (base 11) in base 10?
415661
What is 13734 (base 14) in base 2?
1011101111000010
What is -416995 (base 11) in base 9?
-1227318
220422301 (base 7) to base 4
302202300100
12448 (base 13) to base 5
2034231
Convert 10002444 (base 6) to base 12.
116424
What is 1311342 (base 6) in base 16?
117ce
55112326 (base 7) to base 5
2202213041
What is -310211123 (base 4) in base 7?
-1554644
5302655 (base 7) to base 13
195218
Convert 10010101101 (base 3) to base 15.
13361
Convert -12053360 (base 7) to base 12.
-4384a8
79709 (base 10) to base 13
2a386
What is -35a4c (base 14) in base 3?
-20122200201
What is 15a574 (base 15) in base 7?
11621614
-100100001011110100 (base 2) to base 7
-1155051
-1211241113 (base 5) to base 14
-53bc93
What is -5022b31 (base 12) in base 3?
-1001011212212001
Convert 202333002 (base 5) to base 6.
25355223
Convert 2676c3 (base 16) to base 3.
11202001211220
What is -1001011010100100111011 (base 2) in base 7?
-26656534
Convert -240112442 (base 5) to base 6.
-35310424
ddb6ea (base 16) to base 5
12204432112
What is -ddaa (base 14) in base 12?
-1a256
-14142142 (base 5) to base 12
-70983
What is 42057 (base 10) in base 13?
161b2
What is -20440410 (base 6) in base 11?
-378020
-284634 (base 13) to base 2
-11101111011110110111
What is -3552e0 (base 15) in base 13?
-6b3175
Convert -785241 (base 9) to base 11.
-2a0968
Convert -172171 (base 10) to base 2.
-101010000010001011
-1695164 (base 14) to base 6
-1034132004
Convert -815254 (base 10) to base 4.
-3013002112
Convert 1010002200120 (base 3) to base 8.
2205101
1024432 (base 7) to base 9
208134
Convert -4989067 (base 10) to base 6.
-254533311
What is 114251420 (base 6) in base 7?
24301251
Convert 36504432 (base 7) to base 6.
153530313
175890 (base 12) to base 5
100411014
What is -673664 (base 10) in base 11?
-420152
-158753 (base 11) to base 3
-110111012001
What is -120121302 (base 4) in base 10?
-99954
Convert -63cb (base 14) to base 15.
-518b
10021033211 (base 4) to base 12
444885
What is -102340220 (base 5) in base 4?
-1221322102
Convert 22330101120 (base 4) to base 7.
33244266
Convert -847dd (base 15) to base 13.
-1193b6
What is 26ec9 (base 16) in base 7?
1232551
Convert 150364 (base 7) to base 12.
14951
300012311231 (base 4) to base 11
7133858
Convert bb398 (base 15) to base 12.
248282
Convert -222001212100 (base 3) to base 8.
-1752135
Convert 608d85 (base 16) to base 4.
120020312011
110011011000001111110 (base 2) to base 12
692366
43807 (base 9) to base 2
111000110011110
3ce3c2 (base 16) to base 12
140536a
What is -25788 (base 9) in base 5?
-1024124
113876 (base 9) to base 12
33796
234340001 (base 5) to base 11
684a30
Convert -10001010110000110 (base 2) to base 6.
-1304530
-11781b (base 12) to base 13
-9b97b
What is 800d6 (base 14) in base 3?
120121211111
-122221020 (base 5) to base 12
-242b94
Convert -11332113010 (base 4) to base 15.
-20e09d
Convert 10011000110101010011100 (base 2) to base 5.
2240224103
Convert -11302131444 (base 5) to base 10.
-12927124
-52003 (base 12) to base 15
-21b29
Convert 45a5551 (base 11) to base 13.
1888bb6
Convert 102201121001 (base 3) to base 2.
111000010110001101
1110100011010100100 (base 2) to base 8
1643244
Convert -18aedd (base 16) to base 8.
-6127335
What is 8427e (base 15) in base 16?
664fd
What is -2823b5 (base 14) in base 2?
-101010011001010011011
Convert -739996 (base 10) to base 5.
-142134441
What is 2071501 (base 9) in base 5?
241004234
-6166135 (base 9) to base 16
-32399c
What is -3330201 (base 4) in base 2?
-11111100100001
Convert 20332320131 (base 4) to base 12.
956825
Convert -304310113 (base 5) to base 4.
-10233303320
43220676 (base 8) to base 14
132a9c2
1010101111010010111101 (base 2) to base 13
7774a2
19794a (base 15) to base 13
345970
Convert -40533 (base 15) to base 7.
-1505541
-142346 (base 9) to base 16
-153fc
Convert 11201244422 (base 5) to base 15.
1176192
Convert -c4e44 (base 15) to base 11.
-396a88
11257624 (base 8) to base 13
679ab9
What is -277546 (base 9) in base 16?
-29667
What is 32a0763 (base 11) in base 16?
58422f
Convert 41b013 (base 12) to base 15.
156a5c
-293a9a (base 12) to base 4
-2220231112
102122222101 (base 3) to base 10
229618
100111220012 (base 3) to base 7
1406666
584c3 (base 13) to base 10
161216
What is -217d0c (base 14) in base 13?
-309cb9
What is 1a65534 (base 11) in base 4?
31100323132
Convert 374685 (base 11) to base 12.
246573
What is 822504 (base 9) in base 14?
c988d
What is -7699071 (base 11) in base 6?
-1201331111
Convert -66363 (base 12) to base 4.
-201001323
Convert -210131021 (base 4) to base 3.
-21120211102
What is -440211 (base 9) in base 16?
-401d4
Convert 132313201 (base 4) to base 9.
212381
What is -22100022210 (base 3) in base 5?
-20224022
663310 (base 7) to base 4
130123033
Convert -b651b2 (base 14) to base 2.
-10111100000000011111000
-1388956 (base 11) to base 15
-3213e5
Convert 802593 (base 13) to base 11.
1752765
-22252453 (base 6) to base 3
-1021100001120
-1311731 (base 8) to base 4
-1121033121
What is 1012101100201 (base 3) in base 16?
9b9e0
What is -a78a68 (base 13) in base 15?
-52a174
11820 (base 9) to base 6
100500
What is 13101110033 (base 4) in base 3?
10120211110012
Convert 2324312 (base 6) to base 11.
82354
Convert -200103 (base 4) to base 5.
-31232
What is -11001011001100011001 (base 2) in base 4?
-3023030121
What is 4a6b8 (base 15) in base 14?
6291b
-111100111010010110110 (base 2) to base 5
-1002332313
Convert 11001000111000100 (base 2) to base 16.
191c4
Convert -11000241 (base 5) to base 11.
-64542
What is -617731 (base 8) in base 14?
-5489b
Convert -4165736 (base 9) to base 12.
-8b5720
11100100111101001001 (base 2) to base 7
10654054
Convert 230122312031 (base 4) to base 13.
2549126
-10222232 (base 5) to base 11
-5962a
What is 4213320 (base 5) in base 6?
1255151
What is 41a8b8 (base 13) in base 3?
2220002122120
554c7 (base 14) to base 9
344552
What is -660420 (base 7) in base 6?
-2250310
What is 10141344442 (base 5) in base 15?
dc52b7
What is -1230077 (base 15) in base 3?
-220120120211011
14402730 (base 9) to base 14
d40829
What is -2230145 (base 8) in base 3?
-1010121002012
What is -92132 (base 10) in base 5?
-10422012
What is 2cd649 (base 16) in base 8?
13153111
d3320 (base 16) to base 4
3103030200
-112302011303 (base 4) to base 8
-26620563
Convert -386443 (base 10) to base 2.
-1011110010110001011
What is 181470 (base 15) in base 13?
31bc93
Convert 1321735 (base 14) to base 5.
4330132003
Convert 2144d2 (base 16) to base 3.
11002202211002
Convert -17cda (base 14) to base 15.
-12c63
What is -499e6 (base 16) in base 13?
-a7337
What is a82a38 (base 11) in base 6?
101040235
-